or of 19 and m?
19
Let m(y) = 9*y - 23. Let d be m(6). Calculate the highest common divisor of 31 and d.
31
Let c be ((-1)/2)/((-2)/40). Let u be (12/c)/((-3)/(-10)). Suppose 4*x + 18 = -2*a, -4 + 22 = 3*a - 3*x. What is the highest common divisor of a and u?
1
Let j be -3*(1 + 110/(-6)). Let n be 20/(-8)*j/(-5). What is the highest common factor of 26 and n?
26
Let u(o) = o**3 - 10*o**2 + o + 13. Let t be u(10). Let m = t + -14. Calculate the greatest common factor of m and 1.
1
Let a be ((-56)/(-21) + 0)*(40 + -1). What is the greatest common divisor of 13 and a?
13
Let p be ((-10)/4)/(2/(-44)). Suppose 0 = -8*z + 3*z + 55. What is the highest common divisor of z and p?
11
Let j(l) = 4*l**2 + 2*l - 1. Let t be j(1). Let k be (176/(-10))/((-1)/t). Let b(n) = -12*n - 1. Let c be b(-1). What is the highest common divisor of k and c?
11
Let b(h) = -h**2 - 15*h + 13. Let v be b(-14). What is the highest common divisor of 27 and v?
27
Suppose c + 0*c = 60. Let r = -34 - -24. Let h = r - -20. What is the highest common factor of h and c?
10
Let r(h) = 5*h - 1. Let u be r(-1). Let s(q) = -q - 12. Let t be s(u). Let b(p) = -15*p. Let v be b(t). Calculate the highest common divisor of v and 10.
10
Let f(j) = 23*j**2 - 9*j + 4. Let x be f(4). Calculate the highest common divisor of 42 and x.
42
Let c = 1 - -29. Calculate the highest common factor of 20 and c.
10
Let z = 9 + 2. Let g be 33/9 + (-4)/6. Suppose 15 = -g*o, 6 - 130 = -j + 5*o. What is the highest common factor of j and z?
11
Let t be 3 - (-21 - (2 + -5)). What is the greatest common factor of t and 14?
7
Let k(n) = -n**3 + 7*n**2 + 7*n + 11. Let u be k(8). Suppose -60 = -u*y + 255. Calculate the highest common factor of 21 and y.
21
Let c = 0 + 2. Suppose 4*x - x = 102. Let m = 56 - x. What is the highest common factor of c and m?
2
Let y = -8 + 14. Let x be 7 - y*(-3)/(-6). Calculate the greatest common factor of 44 and x.
4
Let x be 4 - (2 + -17 + 4). Calculate the greatest common factor of x and 90.
15
Suppose -4*w + 414 = -290. Calculate the highest common factor of 22 and w.
22
Suppose 2*j = 6*j. Let r be (j + -2)/((-2)/5). Let w(y) = y**3 - 4*y**2 + y. Let u be w(r). Calculate the highest common divisor of u and 20.
10
Let b(c) = -c - 1. Let q be b(-4). Suppose -q*o = -6*o + 24. Suppose -w + 3*l + 8 = 0, -15 = -w + 4*l - o*l. Calculate the greatest common factor of w and 77.
11
Let l be 0 + (-1)/(2/4). Let y be 4 - (0 + 0 - l). Calculate the highest common factor of 14 and y.
2
Suppose -3*x + 2*b = -472, 5*b = -0*x + x - 179. Let n(o) = -o - 21. Let k be n(-35). Calculate the greatest common factor of k and x.
14
Let t = -12 + 28. Let p(g) = g**3 + 6*g**2 + 7. Let o be p(-5). What is the highest common divisor of t and o?
16
Suppose -6*z - 50 = -8*z. Calculate the highest common divisor of 125 and z.
25
Let s(j) = 60*j**2 - 3*j - 1. Let b be s(-1). What is the greatest common divisor of 155 and b?
31
Suppose 3*n - 15 = -3*o, -2*o + 5*o - 2*n - 40 = 0. Calculate the greatest common factor of 30 and o.
10
Let l(r) = -r**3 - 7*r**2 - 4*r + 7. Let a be l(-6). Let s(k) = k**2 + 6*k - 4. Let c be s(a). Let p = 1 - c. What is the greatest common divisor of 20 and p?
10
Let a = 27 + -20. Calculate the greatest common divisor of 56 and a.
7
Suppose 16 = -p + g + 2*g, -8 = -4*g. Let b be ((-4)/p)/(3/300). Calculate the greatest common divisor of 10 and b.
10
Suppose -s - 10 = -5. Let t(o) = 2*o**2 + 7*o + 4. Let q be t(s). Let f = 91 - 53. What is the greatest common factor of f and q?
19
Suppose -15 = 13*w - 14*w. Suppose -1492 = -0*s - 4*s. Let q be s/5 - (-4)/10. Calculate the highest common divisor of w and q.
15
Suppose 5*f - 950 = -5*r, -r + 4*r + 926 = 5*f. Let t = f + -103. What is the highest common factor of t and 12?
12
Let c be 0 + 2 + 250/5. Suppose 5*a - 48 = c. Calculate the greatest common factor of 5 and a.
5
Let y be 104/(5/(20/8)). Let q = -34 + y. What is the greatest common divisor of q and 45?
9
Let c = -624 - -1044. Calculate the greatest common factor of 60 and c.
60
Let x(k) = 2*k**3 - 4*k + 1. Let b be x(3). Calculate the highest common factor of b and 301.
43
Suppose 0 = 2*d - 8 + 2. Suppose -d*w + 21 + 15 = 0. What is the greatest common factor of w and 12?
12
Suppose q - 3*h - 6 = 4, 0 = 3*q + 4*h - 82. Let d be 2/(-1)*(-14)/4. Suppose 4 + d = n. Calculate the greatest common factor of n and q.
11
Let i be ((-7)/(-1))/((-3)/(-3)). Calculate the highest common divisor of 77 and i.
7
Let m be 2 + (-1 - 15/3). Let g be -1*(0 + m) + 1. Suppose -2*k + 261 = g*h - 120, h + 5*k - 67 = 0. Calculate the highest common divisor of h and 11.
11
Let o(h) = -h**3 + 8*h**2 - 7*h + 8. Let m be o(7). Let v = m + 7. Let y be (-13)/(-5) + (-6)/(-15). What is the greatest common divisor of y and v?
3
Let j be (-17 + -3)/(-4)*1. Suppose -4*u = -j*u + 24. Calculate the highest common factor of u and 60.
12
Let h(n) = n**2 + n - 3. Let p(j) = -j**2 - 3*j + 6. Let y be p(-5). Let q be h(y). What is the highest common divisor of 81 and q?
9
Let l be (2 - (-10)/(-4))*-6. Let j(u) = 3*u**2 - 2*u + 3. Let d be j(2). Let h = d + l. Calculate the highest common divisor of h and 35.
7
Let u = 46 + -79. Let k = -9 - u. What is the greatest common factor of k and 16?
8
Suppose -3*z - 4*o + 1764 = -o, -3*o = 2*z - 1171. Let k = z + -329. Calculate the greatest common factor of k and 24.
24
Let n = 15 + 29. Suppose 0 = -h + 5*h - n. Let m(c) = -c**3 - 3*c**2 + 2*c + 3. Let p be m(-4). Calculate the highest common divisor of h and p.
11
Suppose 2*u + 0 = -3*n - 4, -3*u = -2*n + 6. Let o = u - -5. Calculate the greatest common factor of 21 and o.
3
Let g(u) = 56*u**2 + 2*u - 2. Let t be g(1). What is the highest common factor of 42 and t?
14
Suppose -5*o = 10, x - 13 = -2*x - 4*o. What is the greatest common factor of 7 and x?
7
Suppose h = k - 4, k = 4*h - 3 + 7. Suppose -k*d = -5*d + 28. Suppose 3*t + 2*t = 20. Calculate the greatest common factor of t and d.
4
Let i be -1 + 4 + 327 - 0. What is the highest common factor of i and 30?
30
Let j(n) = -7*n + 4*n**2 - 4 - n**2 + 3*n**2. Let a be j(6). Let x = 266 - a. Calculate the highest common divisor of x and 12.
12
Let t = 34 + -23. Suppose 3*p - 71 = -t. Calculate the highest common divisor of 30 and p.
10
Let k be ((-496)/10 - 6/15)/(-2). What is the highest common factor of 225 and k?
25
Let c = -8 - -7. Let o(j) = -10*j + 1. Let k be o(c). Calculate the highest common factor of 121 and k.
11
Suppose 2*b = 4*b - 4*i - 80, -5*b = i - 200. Calculate the greatest common factor of 60 and b.
20
Let c(w) = w**3 - 2*w**2 + 5*w + 12. Let k be c(5). Let o be -1 - (-34)/(4/2). What is the greatest common factor of o and k?
16
Let d(t) = -8*t**3 - t - 2. Let w be d(-2). Calculate the greatest common divisor of 32 and w.
32
Let w be (21 - -1)*(1 - -1). What is the highest common divisor of 4 and w?
4
Suppose 3 - 21 = -3*t. Let z be 4/(8/t) + 24. Calculate the greatest common divisor of z and 9.
9
Suppose -2*c - 4*h + 6 = 0, 5*c - 4*h + 6 - 91 = 0. What is the highest common factor of 13 and c?
13
Let t = 37 - -62. Suppose -b + 27 = 2*b. What is the greatest common divisor of b and t?
9
Suppose -4*p + 27 + 4 = 5*t, 2*p - 43 = 3*t. Let r = -1 + -1. Let o = r - -4. Calculate the highest common factor of p and o.
2
Let s(q) be the third derivative of 19*q**4/24 - q**3 + 2*q**2. Let v be -3 + 9 + 0 + -2. Let u be s(v). Calculate the greatest common factor of 7 and u.
7
Suppose 134 + 178 = 6*m. Calculate the highest common divisor of 26 and m.
26
Let a(z) be the first derivative of -7*z**2/2 - 2. Let d be a(-1). What is the greatest common divisor of d and 63?
7
Let l be (27/(-15) + 3)/(1/40). Let z = 76 + -44. Calculate the greatest common factor of l and z.
16
Let j(m) = 18*m**2 - m + 1. Suppose 0 = 2*c - 5*v - 7, -3*c + 6*v = v - 8. Let n be j(c). What is the greatest common factor of 12 and n?
6
Let r = 17 - 12. Suppose -4*x = -r*j - 2*x + 9, -2*x = -2*j. What is the highest common factor of j and 27?
3
Let z be (-3)/(-1) + -2 + 0. Let n be 2 + 5 - (z - 0). Suppose -5*d + 3*y + 33 = 0, 0*d - 3*y - n = -2*d. What is the greatest common divisor of d and 6?
3
Let b(t) = t**2 + 20*t - 25. Let y be b(-23). Calculate the highest common factor of 11 and y.
11
Sup